s of 102869?
13, 41, 193
What are the prime factors of 555?
3, 5, 37
List the prime factors of 3220.
2, 5, 7, 23
What are the prime factors of 3772?
2, 23, 41
List the prime factors of 5260.
2, 5, 263
What are the prime factors of 5577?
3, 11, 13
List the prime factors of 1483.
1483
List the prime factors of 5339.
19, 281
What are the prime factors of 652?
2, 163
List the prime factors of 47640.
2, 3, 5, 397
What are the prime factors of 7409?
31, 239
List the prime factors of 150773.
7, 17, 181
What are the prime factors of 1405?
5, 281
List the prime factors of 59209.
59209
What are the prime factors of 2680?
2, 5, 67
What are the prime factors of 791?
7, 113
What are the prime factors of 42351?
3, 19, 743
What are the prime factors of 1125?
3, 5
List the prime factors of 11267.
19, 593
What are the prime factors of 162?
2, 3
List the prime factors of 17474.
2, 8737
List the prime factors of 195.
3, 5, 13
List the prime factors of 2736.
2, 3, 19
List the prime factors of 4581.
3, 509
List the prime factors of 1064.
2, 7, 19
List the prime factors of 386.
2, 193
List the prime factors of 24245.
5, 13, 373
What are the prime factors of 266?
2, 7, 19
What are the prime factors of 3378?
2, 3, 563
List the prime factors of 16418.
2, 8209
List the prime factors of 2601.
3, 17
What are the prime factors of 1109?
1109
What are the prime factors of 3964?
2, 991
What are the prime factors of 47724?
2, 3, 41, 97
What are the prime factors of 40199?
61, 659
What are the prime factors of 29744?
2, 11, 13
List the prime factors of 55457.
55457
What are the prime factors of 800?
2, 5
What are the prime factors of 1133?
11, 103
List the prime factors of 620.
2, 5, 31
What are the prime factors of 16128?
2, 3, 7
List the prime factors of 808.
2, 101
List the prime factors of 1264.
2, 79
What are the prime factors of 135?
3, 5
What are the prime factors of 383?
383
What are the prime factors of 61278?
2, 3, 7, 1459
List the prime factors of 31688.
2, 17, 233
List the prime factors of 7227.
3, 11, 73
List the prime factors of 4581.
3, 509
List the prime factors of 54298.
2, 17, 1597
List the prime factors of 70483.
7, 10069
What are the prime factors of 3642?
2, 3, 607
What are the prime factors of 59938?
2, 23, 1303
What are the prime factors of 934?
2, 467
List the prime factors of 42767.
42767
What are the prime factors of 8756?
2, 11, 199
List the prime factors of 2296.
2, 7, 41
List the prime factors of 2392.
2, 13, 23
List the prime factors of 12403.
79, 157
List the prime factors of 114466.
2, 11, 43
What are the prime factors of 25761?
3, 31, 277
List the prime factors of 668.
2, 167
List the prime factors of 1413.
3, 157
What are the prime factors of 3613?
3613
List the prime factors of 554.
2, 277
What are the prime factors of 36643?
36643
What are the prime factors of 7196?
2, 7, 257
What are the prime factors of 8499?
3, 2833
What are the prime factors of 30350?
2, 5, 607
What are the prime factors of 30688?
2, 7, 137
List the prime factors of 19654.
2, 31, 317
List the prime factors of 4160.
2, 5, 13
List the prime factors of 36588.
2, 3, 3049
List the prime factors of 1271.
31, 41
What are the prime factors of 25551?
3, 17, 167
List the prime factors of 210071.
210071
List the prime factors of 14003.
11, 19, 67
What are the prime factors of 77172?
2, 3, 59, 109
What are the prime factors of 341?
11, 31
List the prime factors of 11584.
2, 181
List the prime factors of 79398.
2, 3, 11, 401
What are the prime factors of 21588?
2, 3, 7, 257
What are the prime factors of 1594?
2, 797
What are the prime factors of 24829?
7, 3547
List the prime factors of 1261.
13, 97
List the prime factors of 66783.
3, 113, 197
List the prime factors of 10266.
2, 3, 29, 59
What are the prime factors of 4256?
2, 7, 19
What are the prime factors of 83458?
2, 41729
What are the prime factors of 68?
2, 17
List the prime factors of 28448.
2, 7, 127
List the prime factors of 10187.
61, 167
What are the prime factors of 96960?
2, 3, 5, 101
What are the prime factors of 41307?
3, 7, 281
What are the prime factors of 157254?
2, 3, 26209
What are the prime factors of 3278?
2, 11, 149
What are the prime factors of 5631?
3, 1877
List the prime factors of 3602.
2, 1801
What are the prime factors of 54574?
2, 13, 2099
List the prime factors of 106476.
2, 3, 19, 467
What are the prime factors of 6763?
6763
List the prime factors of 576.
2, 3
What are the prime factors of 23460?
2, 3, 5, 17, 23
What are the prime factors of 15263?
15263
List the prime factors of 867.
3, 17
What are the prime factors of 47158?
2, 17, 19, 73
List the prime factors of 10002.
2, 3, 1667
List the prime factors of 18407.
79, 233
What are the prime factors of 168213?
3, 47, 1193
What are the prime factors of 101752?
2, 7, 23, 79
List the prime factors of 19707.
3, 6569
List the prime factors of 274.
2, 137
List the prime factors of 1785.
3, 5, 7, 17
List the prime factors of 27368.
2, 11, 311
List the prime factors of 129.
3, 43
List the prime factors of 9457.
7, 193
List the prime factors of 6069.
3, 7, 17
List the prime factors of 10472.
2, 7, 11, 17
What are the prime factors of 70980?
2, 3, 5, 7, 13
List the prime factors of 13447.
7, 17, 113
What are the prime factors of 42771?
3, 53, 269
What are the prime factors of 16579?
59, 281
List the prime factors of 46729.
83, 563
List the prime factors of 65.
5, 13
List the prime factors of 3914.
2, 19, 103
What are the prime factors of 1443?
3, 13, 37
List the prime factors of 1823.
1823
List the prime factors of 4691.
4691
What are the prime factors of 4645?
5, 929
What are the prime factors of 594?
2, 3, 11
What are the prime factors of 1242?
2, 3, 23
List the prime factors of 7450.
2, 5, 149
What are the prime factors of 2810?
2, 5, 281
What are the prime factors of 8930?
2, 5, 19, 47
What are the prime factors of 5881?
5881
List the prime factors of 67016.
2, 8377
List the prime factors of 18128.
2, 11, 103
What are the prime factors of 2712?
2, 3, 113
What are the prime factors of 1521?
3, 13
List the prime factors of 8251.
37, 223
List the prime factors of 43323.
3, 7, 2063
What are the prime factors of 12687?
3, 4229
What are the prime factors of 26240?
2, 5, 41
What are the prime factors of 7781?
31, 251
What are the prime factors of 460?
2, 5, 23
What are the prime factors of 2589?
3, 863
List the prime factors of 2634.
2, 3, 439
List the prime factors of 996.
2, 3, 83
List the prime factors of 38497.
137, 281
What are the prime factors of 1425?
3, 5, 19
What are the prime factors of 634?
2, 317
List the prime factors of 46265.
5, 19, 487
List the prime factors of 528.
2, 3, 11
What are the prime factors of 1179?
3, 131
List the prime factors of 5686.
2, 2843
List the prime factors of 1257.
3, 419
What are the prime factors of 41488?
2, 2593
List the prime factors of 32278.
2, 16139
List the prime factors of 88833.
3, 29611
What are the prime factors of 730?
2, 5, 73
List the prime factors of 203.
7, 29
What are the prime factors of 1220?
2, 5, 61
What are the prime factors of 27699?
3, 7, 1319
List the prime factors of 1306.
2, 653
What are the prime factors of 742?
2, 7, 53
What are the prime factors of 31841?
17, 1873
List the prime factors of 1180.
2, 5, 59
What are the prime factors of 4089?
3, 29, 47
List the prime factors of 5570.
2, 5, 557
What are the prime factors of 24787?
7, 3541
List the prime factors of 11590.
2, 5, 19, 61
What are the prime factors of 39350?
2, 5, 787
What are the prime factors of 4748?
2, 1187
What are the prime factors of 7933?
7933
List the prime factors of 2584.
2, 17, 19
What are the prime factors of 38906?
2, 7, 397
What are the prime factors of 1732?
2, 433
What are the prime factors of 32115?
3, 5, 2141
List the prime factors of 44349.
3, 14783
List the prime factors of 27244.
2, 7, 139
What are the prime factors of 6288?
2, 3, 131
What are the prime factors of 27272?
2, 7, 487
What are the prime factors of 53?
53
What are the prime factors of 3698?
2, 43
What are the prime factors of 12755?
5, 2551
What are the prime factors of 850?
2, 5, 17
What are the prime factors of 1193?
1193
What are the prime factors of 10855?
5, 13, 167
List the prime factors of 1234.
2, 617
List the prime factors of 24929.
97, 2